prime number?
False
Let h = -1055 - -1070. Let u(w) = -10*w**2 + 2*w + 2. Let q be u(2). Is (-5)/4*(2 + q*h) a prime number?
False
Is (13 - (5 + 9))*0/(-2) - -174821 a prime number?
True
Suppose -3*u + 4*z = 223, 5*u - 2*z - 12 = -379. Let g = -81 - u. Let a(l) = 4*l**2 - 9*l - 17. Is a(g) a prime number?
True
Let p(l) = -4*l + 23. Let f be p(7). Is 6274/f*(-6 - 28/(-8)) composite?
False
Suppose -d = -4*q - 353, 4*q + d + 48 + 295 = 0. Is (-5)/(60/q)*2824 + 3 composite?
False
Let l be (2*362/(-8))/(3/6). Let n = l + 516. Suppose t = 572 + n. Is t prime?
True
Let s = 2685 + -1428. Suppose -340*t = -343*t + s. Is t prime?
True
Suppose -20475159 = -6*s - 25*s. Is s composite?
True
Let k(l) = -l**2 - 11*l - 15. Let o = 4 - 13. Let y be k(o). Is y/(3 + 0)*71 a prime number?
True
Let c(a) = a + 6. Let g be c(-4). Suppose -g*h + 57 = 3. Suppose -h*m = -24*m - 1329. Is m a composite number?
False
Let d = -927259 - -1558930. Is d a composite number?
True
Suppose 3*h - 6 = 3. Suppose h*o - o = -4. Is ((-4)/(-2))/((8/(-212))/o) prime?
False
Suppose -2*q - 1127 = -3*q. Suppose -5*n = 5*j + 1085, 0*n = 3*n - 9. Let u = q + j. Is u composite?
False
Suppose 8*i = 14*i - 7596. Let m = -613 + i. Is m prime?
True
Suppose -109*o = -115*o - 9366. Let m = -1042 - o. Is m a prime number?
False
Let b = -18 - -23. Let c(t) = 8*t**3 - 2*t**3 - 1 - t - 4 - b*t + 6*t**2. Is c(5) a prime number?
False
Suppose -16*x - 126 = -19*x. Suppose -p = 5*p - x. Suppose -p*h - 5636 = -11*h. Is h composite?
False
Suppose 12*m - 7*m - 15 = 0. Suppose m*t = -4*v + 27, -3*v - 16 = -2*t - 3*t. Suppose 2 + 0 = 2*r, -4*d = -v*r - 3353. Is d a prime number?
True
Let t(k) = 11*k**2 + 26*k + 12. Let w(z) = z**2 - 3*z + 1. Let l(q) = t(q) + 5*w(q). Let j(u) = 13*u - 1. Let f be j(-1). Is l(f) prime?
True
Let m be (-1)/12*-6*(8 - 2). Suppose -5*s - 2*f + 14105 = -0*f, -m*f + 11291 = 4*s. Is s a composite number?
False
Suppose 4*u - 6*u = -5*q - 1607047, -4*u - 5*q = -3214079. Is u composite?
True
Let f = 68631 + -5720. Is f a composite number?
True
Suppose 558 = 3*l - 3*f - 600, -4*f + 1109 = 3*l. Is l a prime number?
True
Is (-9568121)/(-57) - (-2)/(-19) - 4/6 a composite number?
False
Is ((-28467)/60*-5)/(2/8) a prime number?
False
Suppose 3*z + 3*v = 21, -3*z = -5*z - 3*v + 19. Suppose 4*j + 2*m - 3 = -81, -3*m - 29 = z*j. Is (j + 23)*(0 - -1213) composite?
False
Let l(y) = -8*y**3 - 3*y**2 + 6*y - 3. Let i be l(-6). Let d = 2420 - i. Is d composite?
False
Let a(f) = 84*f**2 + 125*f + 206. Is a(27) prime?
True
Let m(k) = -17*k**2 + 17*k + 2. Let u = -10 + 6. Let z(h) = 9*h**2 - 9*h - 1. Let t(j) = u*m(j) - 7*z(j). Is t(-9) prime?
True
Let q = -309 - -310. Let t(b) = 8309*b**2 - 13*b + 13. Is t(q) prime?
False
Let h(s) = -95*s + 1. Let n be (-3*(-1)/9)/(3/(-117)). Let v be 2 + n/3 - (-3)/9. Is h(v) a composite number?
False
Suppose -l + 140099 = -2*w, 2*l + 18*w - 280216 = 19*w. Is l a prime number?
True
Let b = 425 + 2532. Suppose -5*q + 0*x - 4*x = -14743, -q - 5*x + b = 0. Is q prime?
False
Suppose -445 + 165 = 5*b. Let p be (-2)/(-6) + b/(-3). Let m(u) = -u**2 + 27*u - 39. Is m(p) composite?
False
Is -10 - 136965/(-3) - (0/5 - -4) a composite number?
False
Let q(t) = -3*t**2 + 39*t - 23. Let p be q(11). Suppose 0 = 36*l - p*l + 1757. Is l prime?
True
Suppose 1780 = 42*j - 37*j. Suppose -6622 = -2*f + j. Is f a composite number?
True
Let q(r) = r**3 + r**2 - r + 1. Let y(u) = -191*u**3 - 9*u**2 + 11*u. Let n(b) = 5*q(b) + y(b). Is n(-4) composite?
False
Suppose 74*o = 9*o + 7896655. Is o composite?
False
Suppose 0 = 5*m - 5, -2*k - 67 = -3*k + 5*m. Suppose 3*n + k = 3*x, -4*x + 21 = 3*n - 103. Is (-8)/x - (0 + 1035/(-21)) composite?
True
Suppose -870675 - 941724 - 533811 = -90*k. Is k a composite number?
True
Suppose 8894199 + 8700126 = -15*a. Is (a/12)/(-7) + (-15)/20 a composite number?
False
Suppose -3*p + 244565 = b - 326212, -p + 5*b = -190291. Is p a prime number?
True
Suppose 51*k = 55*k - 16088. Let u = k - 1611. Is u composite?
False
Suppose 0 = -9*x - 216 + 522. Is ((-146)/(-4))/(2 + (-67)/x) composite?
True
Let o(m) be the second derivative of 1/6*m**3 + 11*m - 1/2*m**2 + 0*m**4 + 0 + 87/10*m**5. Is o(2) a prime number?
False
Suppose -29*u = -33*u + 56. Suppose 41*n - 42*n = -u. Is n composite?
True
Let d(z) = -33 - 102*z - 442*z - z. Is d(-8) a composite number?
False
Let t = -586 - -1162. Suppose 2088 = 4*y + 4*x, -t = -y + 3*x - 34. Suppose 3*u = 0, i - 3*u - 104 = y. Is i composite?
False
Let t be ((-16)/(-10) - 3/5)*10. Let i be (0 + t)*2/4. Is 3 + 254 + -3 + i a composite number?
True
Let w(z) = 290*z**2 - 163*z**2 + 310*z**2 + 2*z + 144*z**2. Is w(1) a prime number?
False
Suppose 7*g - 23840 = 5105. Suppose -30*p + g = -38975. Is p composite?
True
Suppose 2*x = r + 204978, 280*x - 283*x - r + 307477 = 0. Is x a composite number?
True
Is 633923*-3*(-7)/21 composite?
False
Suppose 0 = -70*t + 122*t - 48100. Suppose 0*m + 5 = m. Suppose m*z = t + 370. Is z a composite number?
True
Suppose -10 = 32*p - 33*p. Suppose p*l - 426 = -16. Suppose 0 = -5*t + 2371 - l. Is t composite?
True
Suppose 3*d + 3*p - 6 = 0, -p - p - 5 = -d. Suppose d*b + 0*b - 1230 = 0. Let j = 137 + b. Is j a prime number?
True
Let o = 1349 - 250. Let j = -578 + o. Is j a composite number?
False
Let h(q) = -3954*q - 4651. Is h(-102) a composite number?
True
Suppose 56035 = a - 2*u, 81*a - 79*a - 112079 = 13*u. Is a a prime number?
False
Suppose 9*g + 99116 = 317465. Is g a prime number?
False
Suppose -108*u + 69*u + 2840331 = 0. Is u a prime number?
False
Let s(z) = -z. Let a(u) = 272*u**2 - 17*u - 19. Let q(f) = a(f) - 2*s(f). Is q(-4) a composite number?
True
Suppose -3*b + 25 = 13. Suppose 0 = b*p + 12, -4*u + p - 384 + 1711 = 0. Is u prime?
True
Suppose 0 = -478*r - 15911154 + 50755702 + 63736738. Is r a prime number?
True
Is ((-6304111)/3)/((-2101)/573) composite?
False
Is 26794 + 2/((-7)/(343/(-14))) a composite number?
False
Let s = 10 - 7. Suppose -y = 3*y - s*y. Suppose y = -5*n + 904 + 8601. Is n a composite number?
False
Let a be 1053/45 - 6/15. Let u(z) = 8*z**2 - 48*z + 63. Is u(a) a prime number?
True
Suppose 0*q - 34110 = -9*q. Suppose -q = -22*m + 12006. Is m a composite number?
True
Let a be -6*(-15)/10*(-2)/(-6). Suppose 0 = -4*l - a*l + 124495. Is l prime?
False
Suppose 52*t + 649 = 51*t. Let f = 70 - t. Is f composite?
False
Suppose 12*l - 60437 - 342892 = 572499. Is l prime?
False
Suppose 2*c - 8*s = -6*s - 10, -5 = 4*c + s. Let d(j) = -5488*j - 3. Is d(c) a composite number?
False
Let x(c) = -3*c - 13. Let i be (-2 - -1)*1*1*6. Let q be x(i). Suppose j - q*g + g = 1035, 3*j = -g + 3170. Is j prime?
False
Let p be (-2)/17 - (-10284096)/986. Let f = -6165 + p. Is f prime?
False
Suppose -45*r - 92*r + 35166119 = 0. Is r composite?
False
Is 83337176/24 + (2 - 50/15) a composite number?
True
Suppose 0 = 10*g + 3681 + 2039. Suppose -1288 = 3*h + 1547. Let a = g - h. Is a a prime number?
True
Let r be (-14085)/(-1*(-1)/(-13)). Suppose -27*b = 28206 - r. Is b a prime number?
True
Suppose -13*h = -45*h + 26*h + 102066. Is h composite?
False
Suppose -12*r - 340382 = -26*r. Is r a prime number?
False
Let w(p) = 1349*p**2 - 61*p + 955. Is w(28) composite?
False
Let u(h) = 8229*h - 11058. Is u(13) prime?
False
Suppose -2*t = -0*t - 10, 4*s - 362 = -2*t. Let h = -49 + 106. Let c = s + h. Is c a composite number?
True
Let v(w) be the second derivative of 32*w - 3/2*w**2 + 0 + 0*w**3 - 1/5*w**5 + 1/3*w**4. Is v(-4) prime?
True
Let i = -363 - -363. Let m(d) = d**2 - 4*d + 551. Is m(i) a prime number?
False
Let o = 253434 + -115733. Is o composite?
True
Let w be -18*(-173)/2*1. Let i = 2446 - w. Is i a prime number?
False
Let f(b) = -404*b + 3 + 4 - 9 + 12 + 11. Is f(-10) a prime number?
False
Let c = -51 - -52. Let m(u) = 9*u - 4 + 7 + 88*u**2 + c - 30*u**2. Is m(-5) composite?
False
Let g = 16307 + 3744. Is g composite?
False
Let r(b) = 10873*b**2 - 12*b + 6. Is r(-3) a composite number?
True
Let g(s) = s**2 + 16*s - 101. Let y(w) = -w**2 + w + 1. Let c(x) = g(x) - 4*y(x). Is c(28) a prime number?
False
Let s(q) = q**3 + 38*q**2 - 79*q + 41. Let v be s(-40). Let w(g) = -583*g. Let t(h) = 1749*h. Let x(c) = 4*t(c) + 11*w(c). Is x(v) a prime number?
False
Suppose t - 2 = -6, -3*v - 4*t - 6784 = 0.